{"id":832,"date":"2025-09-02T19:13:49","date_gmt":"2025-09-02T19:13:49","guid":{"rendered":"https:\/\/hermanomiguelcuenca.lasalleweb.ec\/?page_id=832"},"modified":"2025-10-17T14:04:09","modified_gmt":"2025-10-17T14:04:09","slug":"lista-de-utiles","status":"publish","type":"page","link":"https:\/\/hermanomiguelcuenca.lasalleweb.ec\/?page_id=832","title":{"rendered":"LISTA DE \u00daTILES"},"content":{"rendered":"<p>[et_pb_section fb_built=\u00bb1&#8243; admin_label=\u00bbsection\u00bb _builder_version=\u00bb4.27.4&#8243; global_colors_info=\u00bb{}\u00bb][et_pb_row admin_label=\u00bbrow\u00bb _builder_version=\u00bb4.16&#8243; background_size=\u00bbinitial\u00bb background_position=\u00bbtop_left\u00bb background_repeat=\u00bbrepeat\u00bb global_colors_info=\u00bb{}\u00bb][et_pb_column type=\u00bb4_4&#8243; _builder_version=\u00bb4.16&#8243; custom_padding=\u00bb|||\u00bb global_colors_info=\u00bb{}\u00bb custom_padding__hover=\u00bb|||\u00bb][et_pb_text admin_label=\u00bbText\u00bb _builder_version=\u00bb4.27.4&#8243; background_size=\u00bbinitial\u00bb background_position=\u00bbtop_left\u00bb background_repeat=\u00bbrepeat\u00bb inline_fonts=\u00bbAbhaya Libre\u00bb global_colors_info=\u00bb{}\u00bb]<\/p>\n<p style=\"text-align: center;\"><span style=\"font-size: xx-large; font-family: 'Abhaya Libre'; font-weight: normal;\"><strong>LISTA DE \u00daTILES<\/strong><\/span><\/p>\n<p>[\/et_pb_text][\/et_pb_column][\/et_pb_row][et_pb_row _builder_version=\u00bb4.27.4&#8243; _module_preset=\u00bbdefault\u00bb global_colors_info=\u00bb{}\u00bb][et_pb_column type=\u00bb4_4&#8243; _builder_version=\u00bb4.27.4&#8243; _module_preset=\u00bbdefault\u00bb global_colors_info=\u00bb{}\u00bb][et_pb_text _builder_version=\u00bb4.27.4&#8243; _module_preset=\u00bbdefault\u00bb global_colors_info=\u00bb{}\u00bb]<\/p>\n<p style=\"text-align: center;\"><strong>A\u00d1O LECTIVO 2025 &#8211; 2026<\/strong><\/p>\n<p>[\/et_pb_text][\/et_pb_column][\/et_pb_row][et_pb_row _builder_version=\u00bb4.27.4&#8243; _module_preset=\u00bbdefault\u00bb global_colors_info=\u00bb{}\u00bb][et_pb_column type=\u00bb4_4&#8243; _builder_version=\u00bb4.27.4&#8243; _module_preset=\u00bbdefault\u00bb global_colors_info=\u00bb{}\u00bb][et_pb_text _builder_version=\u00bb4.27.4&#8243; _module_preset=\u00bbdefault\u00bb global_colors_info=\u00bb{}\u00bb]<\/p>\n<p style=\"text-align: center;\"><strong>AL DAR CLICK EN EL BOT\u00d3N ACCEDERA AL ARCHIVO<\/strong><\/p>\n<p>[\/et_pb_text][\/et_pb_column][\/et_pb_row][et_pb_row column_structure=\u00bb1_3,1_3,1_3&#8243; _builder_version=\u00bb4.27.4&#8243; _module_preset=\u00bbdefault\u00bb global_colors_info=\u00bb{}\u00bb][et_pb_column type=\u00bb1_3&#8243; _builder_version=\u00bb4.27.4&#8243; _module_preset=\u00bbdefault\u00bb global_colors_info=\u00bb{}\u00bb][et_pb_button button_url=\u00bbhttps:\/\/delasallecuenca-my.sharepoint.com\/:b:\/g\/personal\/vicerrector_delasallecuenca_edu_ec\/ESfSp7hEpEZFiyjyIphuQtkBp4r6cx9rBuJz_QbH2_TB6Q?e=8ir9FV\u00bb button_text=\u00bbINICIAL I\u00bb button_alignment=\u00bbcenter\u00bb _builder_version=\u00bb4.27.4&#8243; _module_preset=\u00bbdefault\u00bb global_colors_info=\u00bb{}\u00bb][\/et_pb_button][\/et_pb_column][et_pb_column type=\u00bb1_3&#8243; _builder_version=\u00bb4.27.4&#8243; _module_preset=\u00bbdefault\u00bb global_colors_info=\u00bb{}\u00bb][et_pb_button button_url=\u00bbhttps:\/\/delasallecuenca-my.sharepoint.com\/:b:\/g\/personal\/vicerrector_delasallecuenca_edu_ec\/EZ6WY0xqzqtMoZBT3zU-N1wBtX-pt3Bqy59OtbaQCngvSQ?e=gvOu5c\u00bb button_text=\u00bbINICIAL II\u00bb button_alignment=\u00bbcenter\u00bb _builder_version=\u00bb4.27.4&#8243; _module_preset=\u00bbdefault\u00bb global_colors_info=\u00bb{}\u00bb][\/et_pb_button][\/et_pb_column][et_pb_column type=\u00bb1_3&#8243; _builder_version=\u00bb4.27.4&#8243; _module_preset=\u00bbdefault\u00bb global_colors_info=\u00bb{}\u00bb][et_pb_button button_url=\u00bbhttps:\/\/delasallecuenca-my.sharepoint.com\/:b:\/g\/personal\/vicerrector_delasallecuenca_edu_ec\/EYpivgSQuLhOq01Eg0epEI4BqmU3sjqqMViV7PLhBfVsIA?e=aF4z4d\u00bb button_text=\u00bbPRIMERO EGB\u00bb button_alignment=\u00bbcenter\u00bb _builder_version=\u00bb4.27.4&#8243; _module_preset=\u00bbdefault\u00bb global_colors_info=\u00bb{}\u00bb][\/et_pb_button][\/et_pb_column][\/et_pb_row][et_pb_row column_structure=\u00bb1_3,1_3,1_3&#8243; _builder_version=\u00bb4.27.4&#8243; _module_preset=\u00bbdefault\u00bb global_colors_info=\u00bb{}\u00bb][et_pb_column type=\u00bb1_3&#8243; _builder_version=\u00bb4.27.4&#8243; _module_preset=\u00bbdefault\u00bb global_colors_info=\u00bb{}\u00bb][et_pb_button button_url=\u00bbhttps:\/\/delasallecuenca-my.sharepoint.com\/:b:\/g\/personal\/vicerrector_delasallecuenca_edu_ec\/ETSIXXtZhdVNqjGeeggCVzwBu-w_yzU3qCB1nRqKIFmUpQ?e=Xe059u\u00bb button_text=\u00bbSEGUNDO EGB\u00bb button_alignment=\u00bbcenter\u00bb _builder_version=\u00bb4.27.4&#8243; _module_preset=\u00bbdefault\u00bb global_colors_info=\u00bb{}\u00bb][\/et_pb_button][\/et_pb_column][et_pb_column type=\u00bb1_3&#8243; _builder_version=\u00bb4.27.4&#8243; _module_preset=\u00bbdefault\u00bb global_colors_info=\u00bb{}\u00bb][et_pb_button button_url=\u00bbhttps:\/\/delasallecuenca-my.sharepoint.com\/:b:\/g\/personal\/vicerrector_delasallecuenca_edu_ec\/Ee33NLhP3GVJiSrc3ylaAvwB1ACp8m3Swg-E_aNNycDeQQ?e=xIDSLv\u00bb button_text=\u00bbTERCERO EGB\u00bb button_alignment=\u00bbcenter\u00bb _builder_version=\u00bb4.27.4&#8243; _module_preset=\u00bbdefault\u00bb global_colors_info=\u00bb{}\u00bb][\/et_pb_button][\/et_pb_column][et_pb_column type=\u00bb1_3&#8243; _builder_version=\u00bb4.27.4&#8243; _module_preset=\u00bbdefault\u00bb global_colors_info=\u00bb{}\u00bb][et_pb_button button_url=\u00bbhttps:\/\/delasallecuenca-my.sharepoint.com\/:b:\/g\/personal\/vicerrector_delasallecuenca_edu_ec\/Ed7J66hVrWhJkf5nj7HdoPYBsH0_yUWtdlpSVkcME1vrGA?e=jBceFi\u00bb button_text=\u00bbCUARTO EGB\u00bb button_alignment=\u00bbcenter\u00bb _builder_version=\u00bb4.27.4&#8243; _module_preset=\u00bbdefault\u00bb global_colors_info=\u00bb{}\u00bb][\/et_pb_button][\/et_pb_column][\/et_pb_row][et_pb_row column_structure=\u00bb1_3,1_3,1_3&#8243; _builder_version=\u00bb4.27.4&#8243; _module_preset=\u00bbdefault\u00bb global_colors_info=\u00bb{}\u00bb][et_pb_column type=\u00bb1_3&#8243; _builder_version=\u00bb4.27.4&#8243; _module_preset=\u00bbdefault\u00bb global_colors_info=\u00bb{}\u00bb][et_pb_button button_url=\u00bbhttps:\/\/delasallecuenca-my.sharepoint.com\/:b:\/g\/personal\/vicerrector_delasallecuenca_edu_ec\/ERjPQ2rxk7dHqkSio_utGQ4B1wi2QI_JnbnJ4BHP6Retkg?e=7EMMDw\u00bb button_text=\u00bbQUINTO EGB\u00bb button_alignment=\u00bbcenter\u00bb _builder_version=\u00bb4.27.4&#8243; _module_preset=\u00bbdefault\u00bb global_colors_info=\u00bb{}\u00bb][\/et_pb_button][\/et_pb_column][et_pb_column type=\u00bb1_3&#8243; _builder_version=\u00bb4.27.4&#8243; _module_preset=\u00bbdefault\u00bb global_colors_info=\u00bb{}\u00bb][et_pb_button button_url=\u00bbhttps:\/\/delasallecuenca-my.sharepoint.com\/:b:\/g\/personal\/vicerrector_delasallecuenca_edu_ec\/ET162_2q5SZJtEVDp9bEO_cB-ZWmTipt33qtxTKOLO9LnQ?e=7EBHaU\u00bb button_text=\u00bbSEXTO EGB\u00bb button_alignment=\u00bbcenter\u00bb _builder_version=\u00bb4.27.4&#8243; _module_preset=\u00bbdefault\u00bb global_colors_info=\u00bb{}\u00bb][\/et_pb_button][\/et_pb_column][et_pb_column type=\u00bb1_3&#8243; _builder_version=\u00bb4.27.4&#8243; _module_preset=\u00bbdefault\u00bb global_colors_info=\u00bb{}\u00bb][et_pb_button button_url=\u00bbhttps:\/\/delasallecuenca-my.sharepoint.com\/:b:\/g\/personal\/vicerrector_delasallecuenca_edu_ec\/EaqE0pZXMrFCh46QR8xgnskB_T0qoY-i_XW-AxkmM32DYQ?e=EvPqqw\u00bb button_text=\u00bbS\u00c9PTIMO EGB \u00bb button_alignment=\u00bbcenter\u00bb _builder_version=\u00bb4.27.4&#8243; _module_preset=\u00bbdefault\u00bb global_colors_info=\u00bb{}\u00bb][\/et_pb_button][\/et_pb_column][\/et_pb_row][et_pb_row column_structure=\u00bb1_3,1_3,1_3&#8243; _builder_version=\u00bb4.27.4&#8243; _module_preset=\u00bbdefault\u00bb global_colors_info=\u00bb{}\u00bb][et_pb_column type=\u00bb1_3&#8243; _builder_version=\u00bb4.27.4&#8243; _module_preset=\u00bbdefault\u00bb global_colors_info=\u00bb{}\u00bb][et_pb_button button_url=\u00bbhttps:\/\/delasallecuenca-my.sharepoint.com\/:b:\/g\/personal\/vicerrector_delasallecuenca_edu_ec\/EW2ESQpNbrFArg2cswBFB54BVgyu1wTM6cLpY-cn9P9oeg?e=HE0PuD\u00bb button_text=\u00bbOCTAVO EGB\u00bb button_alignment=\u00bbcenter\u00bb _builder_version=\u00bb4.27.4&#8243; _module_preset=\u00bbdefault\u00bb global_colors_info=\u00bb{}\u00bb][\/et_pb_button][\/et_pb_column][et_pb_column type=\u00bb1_3&#8243; _builder_version=\u00bb4.27.4&#8243; _module_preset=\u00bbdefault\u00bb global_colors_info=\u00bb{}\u00bb][et_pb_button button_url=\u00bbhttps:\/\/delasallecuenca-my.sharepoint.com\/:b:\/g\/personal\/vicerrector_delasallecuenca_edu_ec\/Ed6r7JpiqJZNp3Q9xMJ-L6oBQ9fc2cFineoByhIfmF-TRw?e=gSmQJ2&#8243; button_text=\u00bbNOVENO EGB\u00bb button_alignment=\u00bbcenter\u00bb _builder_version=\u00bb4.27.4&#8243; _module_preset=\u00bbdefault\u00bb global_colors_info=\u00bb{}\u00bb][\/et_pb_button][\/et_pb_column][et_pb_column type=\u00bb1_3&#8243; _builder_version=\u00bb4.27.4&#8243; _module_preset=\u00bbdefault\u00bb global_colors_info=\u00bb{}\u00bb][et_pb_button button_url=\u00bbhttps:\/\/delasallecuenca-my.sharepoint.com\/:b:\/g\/personal\/vicerrector_delasallecuenca_edu_ec\/EW5tdysakh1BttaYsDsQbn0BoKVaXtKaGMBGy5_0otgXfg?e=gGiEoH\u00bb button_text=\u00bbD\u00c9CIMO EGB\u00bb button_alignment=\u00bbcenter\u00bb _builder_version=\u00bb4.27.4&#8243; _module_preset=\u00bbdefault\u00bb global_colors_info=\u00bb{}\u00bb][\/et_pb_button][\/et_pb_column][\/et_pb_row][et_pb_row column_structure=\u00bb1_3,1_3,1_3&#8243; _builder_version=\u00bb4.27.4&#8243; _module_preset=\u00bbdefault\u00bb global_colors_info=\u00bb{}\u00bb][et_pb_column type=\u00bb1_3&#8243; _builder_version=\u00bb4.27.4&#8243; _module_preset=\u00bbdefault\u00bb global_colors_info=\u00bb{}\u00bb][et_pb_button button_url=\u00bbhttps:\/\/delasallecuenca-my.sharepoint.com\/:b:\/g\/personal\/vicerrector_delasallecuenca_edu_ec\/ET4Q007BB0JCjQ6f1fT5UtQB3JF503s_H7cDmsLDmNe9AA?e=ZB3Mz2&#8243; button_text=\u00bbPRIMERO BC\u00bb button_alignment=\u00bbcenter\u00bb _builder_version=\u00bb4.27.4&#8243; _module_preset=\u00bbdefault\u00bb hover_enabled=\u00bb0&#8243; global_colors_info=\u00bb{}\u00bb sticky_enabled=\u00bb0&#8243;][\/et_pb_button][\/et_pb_column][et_pb_column type=\u00bb1_3&#8243; _builder_version=\u00bb4.27.4&#8243; _module_preset=\u00bbdefault\u00bb global_colors_info=\u00bb{}\u00bb][et_pb_button button_url=\u00bbhttps:\/\/delasallecuenca-my.sharepoint.com\/:b:\/g\/personal\/vicerrector_delasallecuenca_edu_ec\/Ef0FBuJYdK9NieuQ4Ck1A-EBVr0nH1bdQruOP_MGYIstHA?e=8WfBTn\u00bb button_text=\u00bbSEGUNDO BC\u00bb button_alignment=\u00bbcenter\u00bb _builder_version=\u00bb4.27.4&#8243; _module_preset=\u00bbdefault\u00bb global_colors_info=\u00bb{}\u00bb][\/et_pb_button][\/et_pb_column][et_pb_column type=\u00bb1_3&#8243; _builder_version=\u00bb4.27.4&#8243; _module_preset=\u00bbdefault\u00bb global_colors_info=\u00bb{}\u00bb][et_pb_button button_url=\u00bbhttps:\/\/delasallecuenca-my.sharepoint.com\/:b:\/g\/personal\/vicerrector_delasallecuenca_edu_ec\/EeidQ3KaEuxNmXxU7NcFEYYB839HAFh2HUb79feYCbG4LQ?e=xWkJef\u00bb button_text=\u00bbTERCERO BC\u00bb button_alignment=\u00bbcenter\u00bb _builder_version=\u00bb4.27.4&#8243; _module_preset=\u00bbdefault\u00bb global_colors_info=\u00bb{}\u00bb][\/et_pb_button][\/et_pb_column][\/et_pb_row][et_pb_row column_structure=\u00bb1_2,1_2&#8243; _builder_version=\u00bb4.27.4&#8243; _module_preset=\u00bbdefault\u00bb global_colors_info=\u00bb{}\u00bb][et_pb_column type=\u00bb1_2&#8243; _builder_version=\u00bb4.27.4&#8243; _module_preset=\u00bbdefault\u00bb global_colors_info=\u00bb{}\u00bb][et_pb_button button_url=\u00bbhttps:\/\/delasallecuenca-my.sharepoint.com\/:b:\/g\/personal\/vicerrector_delasallecuenca_edu_ec\/EY1shZ-kwTtEnyUoBoLKbIYBM-2r6Im_tsoDKEA8MH5GDQ?e=WXjDke\u00bb button_text=\u00bbPRIMERO IB\u00bb button_alignment=\u00bbcenter\u00bb _builder_version=\u00bb4.27.4&#8243; _module_preset=\u00bbdefault\u00bb global_colors_info=\u00bb{}\u00bb][\/et_pb_button][\/et_pb_column][et_pb_column type=\u00bb1_2&#8243; _builder_version=\u00bb4.27.4&#8243; _module_preset=\u00bbdefault\u00bb global_colors_info=\u00bb{}\u00bb][et_pb_button button_url=\u00bbhttps:\/\/delasallecuenca-my.sharepoint.com\/:b:\/g\/personal\/vicerrector_delasallecuenca_edu_ec\/ERiTAzGvUmhBstB5x296XccBx5xuCjPk24heGl1lB3Eb0Q?e=HsOOdq\u00bb button_text=\u00bbSEGUNDO IB\u00bb button_alignment=\u00bbcenter\u00bb _builder_version=\u00bb4.27.4&#8243; _module_preset=\u00bbdefault\u00bb global_colors_info=\u00bb{}\u00bb][\/et_pb_button][\/et_pb_column][\/et_pb_row][et_pb_row _builder_version=\u00bb4.27.4&#8243; _module_preset=\u00bbdefault\u00bb global_colors_info=\u00bb{}\u00bb][et_pb_column type=\u00bb4_4&#8243; _builder_version=\u00bb4.27.4&#8243; _module_preset=\u00bbdefault\u00bb global_colors_info=\u00bb{}\u00bb][et_pb_button button_url=\u00bbhttps:\/\/delasallecuenca-my.sharepoint.com\/:x:\/g\/personal\/vicerrector_delasallecuenca_edu_ec\/ETKT83ULGllEmlxfgJsdW5kBHMscytvxRK8A-VVgYDmvKw?e=9KgCSx\u00bb button_text=\u00bbTEXTOS A\u00d1O LECTIVO 2025 &#8211; 2026&#8243; button_alignment=\u00bbcenter\u00bb _builder_version=\u00bb4.27.4&#8243; _module_preset=\u00bbdefault\u00bb global_colors_info=\u00bb{}\u00bb][\/et_pb_button][\/et_pb_column][\/et_pb_row][\/et_pb_section][et_pb_section fb_built=\u00bb1&#8243; _builder_version=\u00bb4.27.4&#8243; _module_preset=\u00bbdefault\u00bb global_colors_info=\u00bb{}\u00bb][\/et_pb_section]<\/p>\n","protected":false},"excerpt":{"rendered":"<p>LISTA DE \u00daTILESA\u00d1O LECTIVO 2025 &#8211; 2026AL DAR CLICK EN EL BOT\u00d3N ACCEDERA AL ARCHIVO<\/p>\n","protected":false},"author":5,"featured_media":0,"parent":0,"menu_order":0,"comment_status":"closed","ping_status":"closed","template":"","meta":{"_et_pb_use_builder":"on","_et_pb_old_content":"<!-- wp:divi\/placeholder \/-->","_et_gb_content_width":"","footnotes":""},"class_list":["post-832","page","type-page","status-publish","hentry"],"_links":{"self":[{"href":"https:\/\/hermanomiguelcuenca.lasalleweb.ec\/index.php?rest_route=\/wp\/v2\/pages\/832","targetHints":{"allow":["GET"]}}],"collection":[{"href":"https:\/\/hermanomiguelcuenca.lasalleweb.ec\/index.php?rest_route=\/wp\/v2\/pages"}],"about":[{"href":"https:\/\/hermanomiguelcuenca.lasalleweb.ec\/index.php?rest_route=\/wp\/v2\/types\/page"}],"author":[{"embeddable":true,"href":"https:\/\/hermanomiguelcuenca.lasalleweb.ec\/index.php?rest_route=\/wp\/v2\/users\/5"}],"replies":[{"embeddable":true,"href":"https:\/\/hermanomiguelcuenca.lasalleweb.ec\/index.php?rest_route=%2Fwp%2Fv2%2Fcomments&post=832"}],"version-history":[{"count":8,"href":"https:\/\/hermanomiguelcuenca.lasalleweb.ec\/index.php?rest_route=\/wp\/v2\/pages\/832\/revisions"}],"predecessor-version":[{"id":933,"href":"https:\/\/hermanomiguelcuenca.lasalleweb.ec\/index.php?rest_route=\/wp\/v2\/pages\/832\/revisions\/933"}],"wp:attachment":[{"href":"https:\/\/hermanomiguelcuenca.lasalleweb.ec\/index.php?rest_route=%2Fwp%2Fv2%2Fmedia&parent=832"}],"curies":[{"name":"wp","href":"https:\/\/api.w.org\/{rel}","templated":true}]}}